What is the tens digit of 44869678?
7
What is the thousands digit of 342981716?
1
What is the hundreds digit of 32373607?
6
What is the hundreds digit of 74173428?
4
What is the units digit of 4458444757?
7
What is the hundred thousands digit of 6547518595?
5
What is the units digit of 48265767?
7
What is the millions digit of 180742353?
0
What is the millions digit of 2253866783?
3
What is the millions digit of 3469066522?
9
What is the millions digit of 164391180?
4
What is the tens digit of 238677632?
3
What is the millions digit of 104335026?
4
What is the units digit of 62325061?
1
What is the hundred thousands digit of 54587807?
5
What is the tens digit of 320825088?
8
What is the tens digit of 46630578?
7
What is the tens digit of 1592398343?
4
What is the thousands digit of 28225730?
5
What is the billions digit of 2201903911?
2
What is the tens digit of 18470315?
1
What is the tens digit of 715949990?
9
What is the ten thousands digit of 2772242357?
4
What is the units digit of 66566303?
3
What is the hundred thousands digit of 2979611145?
6
What is the millions digit of 2944065375?
4
What is the hundreds digit of 2304462295?
2
What is the thousands digit of 63771010?
1
What is the millions digit of 26404923?
6
What is the thousands digit of 195305594?
5
What is the thousands digit of 5241253?
1
What is the hundreds digit of 2634491147?
1
What is the hundreds digit of 365413104?
1
What is the ten thousands digit of 3964917270?
1
What is the tens digit of 96665651?
5
What is the ten thousands digit of 1708787398?
8
What is the millions digit of 119492071?
9
What is the ten thousands digit of 424280764?
8
What is the hundred thousands digit of 19536744?
5
What is the ten thousands digit of 8789081308?
8
What is the thousands digit of 1577685?
7
What is the units digit of 33378084?
4
What is the tens digit of 113143455?
5
What is the ten thousands digit of 58407347?
0
What is the ten millions digit of 23875668?
2
What is the thousands digit of 60570476?
0
What is the units digit of 71151423?
3
What is the ten thousands digit of 164136002?
3
What is the hundred thousands digit of 581786640?
7
What is the thousands digit of 603353395?
3
What is the hundred millions digit of 107114774?
1
What is the millions digit of 6249186806?
9
What is the millions digit of 128137465?
8
What is the ten millions digit of 2735180033?
3
What is the tens digit of 4894744?
4
What is the millions digit of 1331315738?
1
What is the tens digit of 1714065212?
1
What is the units digit of 345265519?
9
What is the units digit of 5632861574?
4
What is the hundred millions digit of 4462601316?
4
What is the hundred millions digit of 650016299?
6
What is the millions digit of 18958363?
8
What is the hundred millions digit of 3618544424?
6
What is the units digit of 1292954401?
1
What is the millions digit of 1231391079?
1
What is the hundreds digit of 4222971187?
1
What is the hundreds digit of 377190450?
4
What is the ten thousands digit of 86819441?
1
What is the hundred millions digit of 1236026022?
2
What is the thousands digit of 3090497575?
7
What is the tens digit of 33609823?
2
What is the tens digit of 1956941938?
3
What is the thousands digit of 38103017?
3
What is the millions digit of 84917321?
4
What is the ten millions digit of 128702382?
2
What is the hundred millions digit of 781921512?
7
What is the thousands digit of 1204688352?
8
What is the ten thousands digit of 4685611783?
1
What is the ten millions digit of 2880187661?
8
What is the hundred millions digit of 1155369337?
1
What is the ten millions digit of 328166787?
2
What is the tens digit of 388400096?
9
What is the hundred thousands digit of 98532154?
5
What is the hundred thousands digit of 49214754?
2
What is the hundred thousands digit of 2041884489?
8
What is the millions digit of 35008393?
5
What is the tens digit of 64274685?
8
What is the millions digit of 4735112896?
5
What is the tens digit of 216280503?
0
What is the ten thousands digit of 418845080?
4
What is the units digit of 211628790?
0
What is the billions digit of 2947286771?
2
What is the ten thousands digit of 228241242?
4
What is the hundreds digit of 2614001326?
3
What is the ten millions digit of 809079451?
0
What is the ten thousands digit of 91563371?
6
What is the hundreds digit of 170383666?
6
What is the tens digit of 6148956557?
5
What is the thousands digit of 33708132?
8
What is the hundred thousands digit of 1843144853?
1
What is the ten thousands digit of 7222486305?
8
What is the ten thousands digit of 185818268?
1
What is the tens digit of 507744231?
3
What is the ten thousands digit of 34232969?
3
What is the units digit of 60617465?
5
What is the thousands digit of 87273382?
3
What is the thousands digit of 67919856?
9
What is the units digit of 170828777?
7
What is the units digit of 46724530?
0
What is the hundred millions digit of 3154166689?
1
What is the ten thousands digit of 146568717?
6
What is the millions digit of 18225028?
8
What is the ten millions digit of 1294973058?
9
What is the ten thousands digit of 403800122?
0
What is the thousands digit of 2498341126?
1
What is the millions digit of 338492010?
8
What is the hundreds digit of 509113493?
4
What is the thousands digit of 2179393623?
3
What is the millions digit of 19807335?
9
What is the hundred millions digit of 979198968?
9
What is the hundreds digit of 114388882?
8
What is the hundred thousands digit of 11108683?
1
What is the hundred millions digit of 382232224?
3
What is the millions digit of 956401264?
6
What is the ten thousands digit of 1035023284?
2
What is the units digit of 14883887?
7
What is the tens digit of 62253672?
7
What is the billions digit of 2493489540?
2
What is the hundreds digit of 5127331296?
2
What is the tens digit of 171034262?
6
What is the hundreds digit of 17220565?
5
What is the thousands digit of 24079018?
9
What is the millions digit of 1772903829?
2
What is the hundred millions digit of 272388628?
2
What is the ten thousands digit of 660992189?
9
What is the hundred thousands digit of 234293254?
2
What is the hundred thousands digit of 39010337?
0
What is the millions digit of 17771794?
7
What is the tens digit of 441911279?
7
What is the ten thousands digit of 42293286?
9
What is the millions digit of 52939271?
2
What is the hundred thousands digit of 300995320?
9
What is the millions digit of 2204694262?
4
What is the tens digit of 2665685?
8
What is the ten thousands digit of 2096312?
9
What is the millions digit of 4207144?
4
What is the hundreds digit of 271822975?
9
What is the tens digit of 96400997?
9
What is the hundred millions digit of 3304054107?
3
What is the millions digit of 139479485?
9
What is the ten thousands digit of 60220481?
2
What is the tens digit of 241721108?
0
What is the hundreds digit of 88859003?
0
What is the hundred millions digit of 322059980?
3
What is the ten thousands digit of 631885?
3
What is the units digit of 118765778?
8
What is the hundreds digit of 43303763?
7
What is the thousands digit of 1308127746?
7
What is the millions digit of 127497976?
7
What is the tens digit of 238883138?
3
What is the ten millions digit of 208796444?
0
What is the tens digit of 41712069?
6
What is the units digit of 8363029?
9
What is the hundred thousands digit of 3396817506?
8
What is the millions digit of 242454189?
2
What is the tens digit of 304087531?
3
What is the units digit of 65113463?
3
What is the millions digit of 70308988?
0
What is the hundreds digit of 1919911563?
5
What is the thousands digit of 642763339?
3
What is the units digit of 39641613?
3
What is the hundred millions digit of 505315515?
5
What is the hundreds digit of 37718949?
9
What is the hundred millions digit of 668159560?
6
What is the hundred thousands digit of 10393723?
3
What is the hundred thousands digit of 2176977119?
9
What is the hundreds digit of 884455370?
3
What is the hundred thousands digit of 51773500?
7
What is the hundreds digit of 2653005391?
3
What is the units digit of 3135294?
4
What is the ten thousands digit of 1544413610?
1
What is the tens digit of 1420821224?
2
What is the thousands digit of 87521401?
1
What is the hundred millions digit of 4078073405?
0
What is the billion